{"id":482,"date":"2019-10-28T18:24:43","date_gmt":"2019-10-28T22:24:43","guid":{"rendered":"https:\/\/gcm.robertviens.com\/?page_id=482"},"modified":"2019-10-29T19:04:13","modified_gmt":"2019-10-29T23:04:13","slug":"press","status":"publish","type":"page","link":"https:\/\/galerieclaudemaurer.ca\/en\/press\/","title":{"rendered":"Press"},"content":{"rendered":"<p>LE POINT DE VUE DU COLLECTIONNEUR<br \/>\nRevue parcours<\/p>\n<p>L\u2019Afrique noire est une vaste \u00e9tendue subsaharienne aux paysages diversifi\u00e9s et \u00e9tonnants, o\u00f9 l\u2019on ne compte pas moins de mille ethnies diff\u00e9rentes. Avant la colonisation europ\u00e9enne et les nombreuses conversions aux religions chr\u00e9tienne et musulmane, les africains pratiquaient largement une religion animiste. Leur animisme se d\u00e9finit comme la croyance en l\u2019existence d\u2019un principe immat\u00e9riel, d\u2019une \u00e2me qui r\u00e9side dans tous les \u00eatres et toutes les choses visibles et invisibles. La religion animiste consid\u00e8re le monde comme une vaste ar\u00e8ne spirituelle dans laquelle des forces surnaturelles sont en constante interaction. Elle ne con\u00e7oit pas de s\u00e9paration entre le sacr\u00e9 et le profane, le mat\u00e9riel et le spirituel.<\/p>\n<p>La soci\u00e9t\u00e9 africaine en \u00e9tait alors une de tradition orale,n\u2019utilisant pas l\u2019\u00e9criture, et l\u2019absence de celle-ci ne relevait pas d\u2019un manque de culture, mais plut\u00f4t d\u2019un choix d\u00e9lib\u00e9r\u00e9 de la part des sages longuement initi\u00e9s \u00e0 garder les mythes vivants, et \u00e0 \u00e9viter le dogme immuable. Un proverbe africain dit que \u00ab lorsqu\u2019un vieux mourait,une biblioth\u00e8que br\u00fblait \u00bb. Dans ce contexte, la sculpture africaine assumait le relais de la parole des sages, une parole devenue forme.<\/p>\n<p>C\u2019est dans ce cadre que pour rendre les forces surnaturelles favorables, les masques et statuettes \u00e9taient sculpt\u00e9s par des artisans rest\u00e9s anonymes, choisis parce qu\u2019on les croyait d\u00e9tenteurs de pouvoirs magiques. Pour l\u2019artisan africain, l\u2019objet sculpt\u00e9 devait avant tout \u00eatre rituellement efficace, la \u00ab beaut\u00e9 \u00bb n\u2019\u00e9tant qu\u2019un attribut parmi ceux qui en assureraient la puissance d\u2019action.<\/p>\n<p><a href=\"http:\/\/www.galerieclaudemaurer.ca\/sites\/default\/files\/Art_Africain_Article%20CM%20ds%20Revue%20Parcours.pdf\" target=\"_blank\" rel=\"noopener noreferrer\">See full article<\/a><\/p>\n","protected":false},"excerpt":{"rendered":"<p>LE POINT DE VUE DU COLLECTIONNEUR Revue parcours L\u2019Afrique noire est une vaste \u00e9tendue subsaharienne aux paysages diversifi\u00e9s et \u00e9tonnants, o\u00f9 l\u2019on ne compte pas moins de mille ethnies diff\u00e9rentes. Avant la colonisation europ\u00e9enne et les nombreuses conversions aux religions chr\u00e9tienne et musulmane, les africains pratiquaient largement une religion animiste. Leur animisme se d\u00e9finit comme [&hellip;]<\/p>\n","protected":false},"author":2,"featured_media":126,"parent":0,"menu_order":0,"comment_status":"closed","ping_status":"closed","template":"","meta":{"_et_pb_use_builder":"","_et_pb_old_content":"","_et_gb_content_width":"","footnotes":""},"class_list":["post-482","page","type-page","status-publish","has-post-thumbnail","hentry"],"yoast_head":"<!-- This site is optimized with the Yoast SEO plugin v26.7 - https:\/\/yoast.com\/wordpress\/plugins\/seo\/ -->\n<title>Press - Galerie Claude Maurer<\/title>\n<meta name=\"robots\" content=\"index, follow, max-snippet:-1, max-image-preview:large, max-video-preview:-1\" \/>\n<link rel=\"canonical\" href=\"https:\/\/galerieclaudemaurer.ca\/en\/press\/\" \/>\n<meta property=\"og:locale\" content=\"en_US\" \/>\n<meta property=\"og:type\" content=\"article\" \/>\n<meta property=\"og:title\" content=\"Press - Galerie Claude Maurer\" \/>\n<meta property=\"og:description\" content=\"LE POINT DE VUE DU COLLECTIONNEUR Revue parcours L\u2019Afrique noire est une vaste \u00e9tendue subsaharienne aux paysages diversifi\u00e9s et \u00e9tonnants, o\u00f9 l\u2019on ne compte pas moins de mille ethnies diff\u00e9rentes. Avant la colonisation europ\u00e9enne et les nombreuses conversions aux religions chr\u00e9tienne et musulmane, les africains pratiquaient largement une religion animiste. Leur animisme se d\u00e9finit comme [&hellip;]\" \/>\n<meta property=\"og:url\" content=\"https:\/\/galerieclaudemaurer.ca\/en\/press\/\" \/>\n<meta property=\"og:site_name\" content=\"Galerie Claude Maurer\" \/>\n<meta property=\"article:modified_time\" content=\"2019-10-29T23:04:13+00:00\" \/>\n<meta property=\"og:image\" content=\"https:\/\/galerieclaudemaurer.ca\/wp-content\/uploads\/2019\/05\/big1.jpg\" \/>\n\t<meta property=\"og:image:width\" content=\"1200\" \/>\n\t<meta property=\"og:image:height\" content=\"801\" \/>\n\t<meta property=\"og:image:type\" content=\"image\/jpeg\" \/>\n<meta name=\"twitter:card\" content=\"summary_large_image\" \/>\n<meta name=\"twitter:label1\" content=\"Est. reading time\" \/>\n\t<meta name=\"twitter:data1\" content=\"1 minute\" \/>\n<script type=\"application\/ld+json\" class=\"yoast-schema-graph\">{\"@context\":\"https:\/\/schema.org\",\"@graph\":[{\"@type\":\"WebPage\",\"@id\":\"https:\/\/galerieclaudemaurer.ca\/en\/press\/\",\"url\":\"https:\/\/galerieclaudemaurer.ca\/en\/press\/\",\"name\":\"Press - Galerie Claude Maurer\",\"isPartOf\":{\"@id\":\"https:\/\/galerieclaudemaurer.ca\/en\/#website\"},\"primaryImageOfPage\":{\"@id\":\"https:\/\/galerieclaudemaurer.ca\/en\/press\/#primaryimage\"},\"image\":{\"@id\":\"https:\/\/galerieclaudemaurer.ca\/en\/press\/#primaryimage\"},\"thumbnailUrl\":\"https:\/\/galerieclaudemaurer.ca\/wp-content\/uploads\/2019\/05\/big1.jpg\",\"datePublished\":\"2019-10-28T22:24:43+00:00\",\"dateModified\":\"2019-10-29T23:04:13+00:00\",\"breadcrumb\":{\"@id\":\"https:\/\/galerieclaudemaurer.ca\/en\/press\/#breadcrumb\"},\"inLanguage\":\"en-US\",\"potentialAction\":[{\"@type\":\"ReadAction\",\"target\":[\"https:\/\/galerieclaudemaurer.ca\/en\/press\/\"]}]},{\"@type\":\"ImageObject\",\"inLanguage\":\"en-US\",\"@id\":\"https:\/\/galerieclaudemaurer.ca\/en\/press\/#primaryimage\",\"url\":\"https:\/\/galerieclaudemaurer.ca\/wp-content\/uploads\/2019\/05\/big1.jpg\",\"contentUrl\":\"https:\/\/galerieclaudemaurer.ca\/wp-content\/uploads\/2019\/05\/big1.jpg\",\"width\":1200,\"height\":801},{\"@type\":\"BreadcrumbList\",\"@id\":\"https:\/\/galerieclaudemaurer.ca\/en\/press\/#breadcrumb\",\"itemListElement\":[{\"@type\":\"ListItem\",\"position\":1,\"name\":\"Accueil\",\"item\":\"https:\/\/galerieclaudemaurer.ca\/en\/\"},{\"@type\":\"ListItem\",\"position\":2,\"name\":\"Press\"}]},{\"@type\":\"WebSite\",\"@id\":\"https:\/\/galerieclaudemaurer.ca\/en\/#website\",\"url\":\"https:\/\/galerieclaudemaurer.ca\/en\/\",\"name\":\"Galerie Claude Maurer\",\"description\":\"Galerie d\u2019Art Africain Claude Maurer rue Sherbrooke Ouest \u00e0 Montr\u00e9al Qu\u00e9bec\",\"potentialAction\":[{\"@type\":\"SearchAction\",\"target\":{\"@type\":\"EntryPoint\",\"urlTemplate\":\"https:\/\/galerieclaudemaurer.ca\/en\/?s={search_term_string}\"},\"query-input\":{\"@type\":\"PropertyValueSpecification\",\"valueRequired\":true,\"valueName\":\"search_term_string\"}}],\"inLanguage\":\"en-US\"}]}<\/script>\n<!-- \/ Yoast SEO plugin. -->","yoast_head_json":{"title":"Press - Galerie Claude Maurer","robots":{"index":"index","follow":"follow","max-snippet":"max-snippet:-1","max-image-preview":"max-image-preview:large","max-video-preview":"max-video-preview:-1"},"canonical":"https:\/\/galerieclaudemaurer.ca\/en\/press\/","og_locale":"en_US","og_type":"article","og_title":"Press - Galerie Claude Maurer","og_description":"LE POINT DE VUE DU COLLECTIONNEUR Revue parcours L\u2019Afrique noire est une vaste \u00e9tendue subsaharienne aux paysages diversifi\u00e9s et \u00e9tonnants, o\u00f9 l\u2019on ne compte pas moins de mille ethnies diff\u00e9rentes. Avant la colonisation europ\u00e9enne et les nombreuses conversions aux religions chr\u00e9tienne et musulmane, les africains pratiquaient largement une religion animiste. Leur animisme se d\u00e9finit comme [&hellip;]","og_url":"https:\/\/galerieclaudemaurer.ca\/en\/press\/","og_site_name":"Galerie Claude Maurer","article_modified_time":"2019-10-29T23:04:13+00:00","og_image":[{"width":1200,"height":801,"url":"https:\/\/galerieclaudemaurer.ca\/wp-content\/uploads\/2019\/05\/big1.jpg","type":"image\/jpeg"}],"twitter_card":"summary_large_image","twitter_misc":{"Est. reading time":"1 minute"},"schema":{"@context":"https:\/\/schema.org","@graph":[{"@type":"WebPage","@id":"https:\/\/galerieclaudemaurer.ca\/en\/press\/","url":"https:\/\/galerieclaudemaurer.ca\/en\/press\/","name":"Press - Galerie Claude Maurer","isPartOf":{"@id":"https:\/\/galerieclaudemaurer.ca\/en\/#website"},"primaryImageOfPage":{"@id":"https:\/\/galerieclaudemaurer.ca\/en\/press\/#primaryimage"},"image":{"@id":"https:\/\/galerieclaudemaurer.ca\/en\/press\/#primaryimage"},"thumbnailUrl":"https:\/\/galerieclaudemaurer.ca\/wp-content\/uploads\/2019\/05\/big1.jpg","datePublished":"2019-10-28T22:24:43+00:00","dateModified":"2019-10-29T23:04:13+00:00","breadcrumb":{"@id":"https:\/\/galerieclaudemaurer.ca\/en\/press\/#breadcrumb"},"inLanguage":"en-US","potentialAction":[{"@type":"ReadAction","target":["https:\/\/galerieclaudemaurer.ca\/en\/press\/"]}]},{"@type":"ImageObject","inLanguage":"en-US","@id":"https:\/\/galerieclaudemaurer.ca\/en\/press\/#primaryimage","url":"https:\/\/galerieclaudemaurer.ca\/wp-content\/uploads\/2019\/05\/big1.jpg","contentUrl":"https:\/\/galerieclaudemaurer.ca\/wp-content\/uploads\/2019\/05\/big1.jpg","width":1200,"height":801},{"@type":"BreadcrumbList","@id":"https:\/\/galerieclaudemaurer.ca\/en\/press\/#breadcrumb","itemListElement":[{"@type":"ListItem","position":1,"name":"Accueil","item":"https:\/\/galerieclaudemaurer.ca\/en\/"},{"@type":"ListItem","position":2,"name":"Press"}]},{"@type":"WebSite","@id":"https:\/\/galerieclaudemaurer.ca\/en\/#website","url":"https:\/\/galerieclaudemaurer.ca\/en\/","name":"Galerie Claude Maurer","description":"Galerie d\u2019Art Africain Claude Maurer rue Sherbrooke Ouest \u00e0 Montr\u00e9al Qu\u00e9bec","potentialAction":[{"@type":"SearchAction","target":{"@type":"EntryPoint","urlTemplate":"https:\/\/galerieclaudemaurer.ca\/en\/?s={search_term_string}"},"query-input":{"@type":"PropertyValueSpecification","valueRequired":true,"valueName":"search_term_string"}}],"inLanguage":"en-US"}]}},"_links":{"self":[{"href":"https:\/\/galerieclaudemaurer.ca\/en\/wp-json\/wp\/v2\/pages\/482","targetHints":{"allow":["GET"]}}],"collection":[{"href":"https:\/\/galerieclaudemaurer.ca\/en\/wp-json\/wp\/v2\/pages"}],"about":[{"href":"https:\/\/galerieclaudemaurer.ca\/en\/wp-json\/wp\/v2\/types\/page"}],"author":[{"embeddable":true,"href":"https:\/\/galerieclaudemaurer.ca\/en\/wp-json\/wp\/v2\/users\/2"}],"replies":[{"embeddable":true,"href":"https:\/\/galerieclaudemaurer.ca\/en\/wp-json\/wp\/v2\/comments?post=482"}],"version-history":[{"count":5,"href":"https:\/\/galerieclaudemaurer.ca\/en\/wp-json\/wp\/v2\/pages\/482\/revisions"}],"predecessor-version":[{"id":660,"href":"https:\/\/galerieclaudemaurer.ca\/en\/wp-json\/wp\/v2\/pages\/482\/revisions\/660"}],"wp:featuredmedia":[{"embeddable":true,"href":"https:\/\/galerieclaudemaurer.ca\/en\/wp-json\/wp\/v2\/media\/126"}],"wp:attachment":[{"href":"https:\/\/galerieclaudemaurer.ca\/en\/wp-json\/wp\/v2\/media?parent=482"}],"curies":[{"name":"wp","href":"https:\/\/api.w.org\/{rel}","templated":true}]}}

<p>LE POINT DE VUE DU COLLECTIONNEUR<br />
Revue parcours</p>
<p>L’Afrique noire est une vaste étendue subsaharienne aux paysages diversifiés et étonnants, où l’on ne compte pas moins de mille ethnies différentes. Avant la colonisation européenne et les nombreuses conversions aux religions chrétienne et musulmane, les africains pratiquaient largement une religion animiste. Leur animisme se définit comme la croyance en l’existence d’un principe immatériel, d’une âme qui réside dans tous les êtres et toutes les choses visibles et invisibles. La religion animiste considère le monde comme une vaste arène spirituelle dans laquelle des forces surnaturelles sont en constante interaction. Elle ne conçoit pas de séparation entre le sacré et le profane, le matériel et le spirituel.</p>
<p>La société africaine en était alors une de tradition orale,n’utilisant pas l’écriture, et l’absence de celle-ci ne relevait pas d’un manque de culture, mais plutôt d’un choix délibéré de la part des sages longuement initiés à garder les mythes vivants, et à éviter le dogme immuable. Un proverbe africain dit que « lorsqu’un vieux mourait,une bibliothèque brûlait ». Dans ce contexte, la sculpture africaine assumait le relais de la parole des sages, une parole devenue forme.</p>
<p>C’est dans ce cadre que pour rendre les forces surnaturelles favorables, les masques et statuettes étaient sculptés par des artisans restés anonymes, choisis parce qu’on les croyait détenteurs de pouvoirs magiques. Pour l’artisan africain, l’objet sculpté devait avant tout être rituellement efficace, la « beauté » n’étant qu’un attribut parmi ceux qui en assureraient la puissance d’action.</p>
<p><a href="http://www.galerieclaudemaurer.ca/sites/default/files/Art_Africain_Article%20CM%20ds%20Revue%20Parcours.pdf" target="_blank" rel="noopener noreferrer">See full article</a></p>

<p>LE POINT DE VUE DU COLLECTIONNEUR Revue parcours L’Afrique noire est une vaste étendue subsaharienne aux paysages diversifiés et étonnants, où l’on ne compte pas moins de mille ethnies différentes. Avant la colonisation européenne et les nombreuses conversions aux religions chrétienne et musulmane, les africains pratiquaient largement une religion animiste. Leur animisme se définit comme [&hellip;]</p>

<!-- This site is optimized with the Yoast SEO plugin v26.7 - https://yoast.com/wordpress/plugins/seo/ -->
<title>Press - Galerie Claude Maurer</title>
<meta name="robots" content="index, follow, max-snippet:-1, max-image-preview:large, max-video-preview:-1" />
<link rel="canonical" href="https://galerieclaudemaurer.ca/en/press/" />
<meta property="og:locale" content="en_US" />
<meta property="og:type" content="article" />
<meta property="og:title" content="Press - Galerie Claude Maurer" />
<meta property="og:description" content="LE POINT DE VUE DU COLLECTIONNEUR Revue parcours L’Afrique noire est une vaste étendue subsaharienne aux paysages diversifiés et étonnants, où l’on ne compte pas moins de mille ethnies différentes. Avant la colonisation européenne et les nombreuses conversions aux religions chrétienne et musulmane, les africains pratiquaient largement une religion animiste. Leur animisme se définit comme [&hellip;]" />
<meta property="og:url" content="https://galerieclaudemaurer.ca/en/press/" />
<meta property="og:site_name" content="Galerie Claude Maurer" />
<meta property="article:modified_time" content="2019-10-29T23:04:13+00:00" />
<meta property="og:image" content="https://galerieclaudemaurer.ca/wp-content/uploads/2019/05/big1.jpg" />
	<meta property="og:image:width" content="1200" />
	<meta property="og:image:height" content="801" />
	<meta property="og:image:type" content="image/jpeg" />
<meta name="twitter:card" content="summary_large_image" />
<meta name="twitter:label1" content="Est. reading time" />
	<meta name="twitter:data1" content="1 minute" />
<script type="application/ld+json" class="yoast-schema-graph">{"@context":"https://schema.org","@graph":[{"@type":"WebPage","@id":"https://galerieclaudemaurer.ca/en/press/","url":"https://galerieclaudemaurer.ca/en/press/","name":"Press - Galerie Claude Maurer","isPartOf":{"@id":"https://galerieclaudemaurer.ca/en/#website"},"primaryImageOfPage":{"@id":"https://galerieclaudemaurer.ca/en/press/#primaryimage"},"image":{"@id":"https://galerieclaudemaurer.ca/en/press/#primaryimage"},"thumbnailUrl":"https://galerieclaudemaurer.ca/wp-content/uploads/2019/05/big1.jpg","datePublished":"2019-10-28T22:24:43+00:00","dateModified":"2019-10-29T23:04:13+00:00","breadcrumb":{"@id":"https://galerieclaudemaurer.ca/en/press/#breadcrumb"},"inLanguage":"en-US","potentialAction":[{"@type":"ReadAction","target":["https://galerieclaudemaurer.ca/en/press/"]}]},{"@type":"ImageObject","inLanguage":"en-US","@id":"https://galerieclaudemaurer.ca/en/press/#primaryimage","url":"https://galerieclaudemaurer.ca/wp-content/uploads/2019/05/big1.jpg","contentUrl":"https://galerieclaudemaurer.ca/wp-content/uploads/2019/05/big1.jpg","width":1200,"height":801},{"@type":"BreadcrumbList","@id":"https://galerieclaudemaurer.ca/en/press/#breadcrumb","itemListElement":[{"@type":"ListItem","position":1,"name":"Accueil","item":"https://galerieclaudemaurer.ca/en/"},{"@type":"ListItem","position":2,"name":"Press"}]},{"@type":"WebSite","@id":"https://galerieclaudemaurer.ca/en/#website","url":"https://galerieclaudemaurer.ca/en/","name":"Galerie Claude Maurer","description":"Galerie d’Art Africain Claude Maurer rue Sherbrooke Ouest à Montréal Québec","potentialAction":[{"@type":"SearchAction","target":{"@type":"EntryPoint","urlTemplate":"https://galerieclaudemaurer.ca/en/?s={search_term_string}"},"query-input":{"@type":"PropertyValueSpecification","valueRequired":true,"valueName":"search_term_string"}}],"inLanguage":"en-US"}]}</script>
<!-- / Yoast SEO plugin. -->

LE POINT DE VUE DU COLLECTIONNEUR Revue parcours L’Afrique noire est une vaste étendue subsaharienne aux paysages diversifiés et étonnants, où l’on ne compte pas moins de mille ethnies différentes. Avant la colonisation européenne et les nombreuses conversions aux religions chrétienne et musulmane, les africains pratiquaient largement une religion animiste. Leur animisme se définit comme [&hellip;]

Galerie d’Art Africain Claude Maurer rue Sherbrooke Ouest à Montréal Québec
