{"id":440,"date":"2019-05-01T23:44:41","date_gmt":"2019-05-02T03:44:41","guid":{"rendered":"https:\/\/gcm.robertviens.com\/?post_type=project&#038;p=440"},"modified":"2019-11-06T21:10:12","modified_gmt":"2019-11-07T02:10:12","slug":"tete-bura","status":"publish","type":"project","link":"https:\/\/galerieclaudemaurer.ca\/en\/project\/tete-bura\/","title":{"rendered":"Bura"},"content":{"rendered":"<p>[et_pb_section fb_built=&#8221;1&#8243; admin_label=&#8221;section&#8221; _builder_version=&#8221;3.22.6&#8243; custom_margin=&#8221;|0px||0px||true&#8221; custom_padding=&#8221;|0px||0px||true&#8221;][et_pb_row column_structure=&#8221;3_5,2_5&#8243; _builder_version=&#8221;4.0.3&#8243;][et_pb_column type=&#8221;3_5&#8243; _builder_version=&#8221;4.0.3&#8243;][et_pb_code _builder_version=&#8221;4.0.3&#8243;]<div class=\"et_main_title\"><h1 style=\"color:#333;font-weight:500\" class=\"entry-title\">Bura<\/h1> <span class=\"et_project_categories\"><a href=\"https:\/\/galerieclaudemaurer.ca\/en\/project_category\/african-art\/\" rel=\"tag\">African Art<\/a><\/span><\/div><!-- [et_pb_line_break_holder] -->[\/et_pb_code][\/et_pb_column][et_pb_column type=&#8221;2_5&#8243; _builder_version=&#8221;4.0.3&#8243;][et_pb_post_nav _builder_version=&#8221;4.0.3&#8243; title_text_color=&#8221;#3d3d3d&#8221; title_font_size=&#8221;12px&#8221; animation_style=&#8221;fade&#8221; custom_css_before=&#8221;border:none !important&#8221;][\/et_pb_post_nav][\/et_pb_column][\/et_pb_row][et_pb_row column_structure=&#8221;1_2,1_2&#8243; padding_left_right_link_2=&#8221;true&#8221; admin_label=&#8221;row&#8221; _builder_version=&#8221;3.25&#8243; background_size=&#8221;initial&#8221; background_position=&#8221;top_left&#8221; background_repeat=&#8221;repeat&#8221; custom_margin=&#8221;|||||true&#8221; custom_padding=&#8221;|0px||0px||true&#8221; border_radii=&#8221;on|1px|1px|1px|1px&#8221;][et_pb_column type=&#8221;1_2&#8243; _builder_version=&#8221;3.25&#8243; custom_padding=&#8221;|0px||0px&#8221; custom_padding__hover=&#8221;|||&#8221;][et_pb_image src=&#8221;https:\/\/galerieclaudemaurer.ca\/wp-content\/uploads\/2019\/05\/Bura-001-F.jpg&#8221; align_tablet=&#8221;center&#8221; align_phone=&#8221;&#8221; align_last_edited=&#8221;on|desktop&#8221; _builder_version=&#8221;4.0.3&#8243; width=&#8221;100%&#8221; module_alignment=&#8221;left&#8221; custom_margin=&#8221;|0px||0px&#8221; custom_padding=&#8221;|0px||0px&#8221;][\/et_pb_image][\/et_pb_column][et_pb_column type=&#8221;1_2&#8243; _builder_version=&#8221;3.25&#8243; custom_padding=&#8221;|0px||0px&#8221; custom_padding__hover=&#8221;|||&#8221;][et_pb_text admin_label=&#8221;Text&#8221; _builder_version=&#8221;4.0.3&#8243; text_font=&#8221;||||||||&#8221; text_font_size=&#8221;16px&#8221; text_line_height=&#8221;1.6em&#8221; background_size=&#8221;initial&#8221; background_position=&#8221;top_left&#8221; background_repeat=&#8221;repeat&#8221; custom_margin=&#8221;|0px||0px||true&#8221; custom_padding=&#8221;|0px||0px||true&#8221; hover_enabled=&#8221;0&#8243;]<\/p>\n<p>Bura, Valley of Niger<br \/>Head from Funerary Jar<br \/>Terracotta<br \/>19 cm \u2013 7 \u00bd in.<br \/>Former Canadian Collection<\/p>\n<p>[\/et_pb_text][\/et_pb_column][\/et_pb_row][et_pb_row _builder_version=&#8221;3.25&#8243; saved_tabs=&#8221;all&#8221; collapsed=&#8221;off&#8221;][et_pb_column type=&#8221;4_4&#8243; _builder_version=&#8221;3.25&#8243; custom_padding=&#8221;|||&#8221; custom_padding__hover=&#8221;|||&#8221;][et_pb_post_nav in_same_term=&#8221;off&#8221; _builder_version=&#8221;3.22.6&#8243; title_font=&#8221;||||||||&#8221; title_text_color=&#8221;#474747&#8243;][\/et_pb_post_nav][\/et_pb_column][\/et_pb_row][et_pb_row _builder_version=&#8221;3.25&#8243; saved_tabs=&#8221;all&#8221;][et_pb_column type=&#8221;4_4&#8243; _builder_version=&#8221;3.25&#8243; custom_padding=&#8221;|||&#8221; custom_padding__hover=&#8221;|||&#8221;][et_pb_social_media_follow _builder_version=&#8221;3.22.6&#8243;][et_pb_social_media_follow_network social_network=&#8221;facebook&#8221; url=&#8221;https:\/\/www.facebook.com\/search\/top\/?q=galerie%20claude%20maurer&#8221; _builder_version=&#8221;3.22.6&#8243; background_color=&#8221;#3b5998&#8243; follow_button=&#8221;off&#8221; url_new_window=&#8221;on&#8221;]facebook[\/et_pb_social_media_follow_network][\/et_pb_social_media_follow][\/et_pb_column][\/et_pb_row][\/et_pb_section]<\/p>\n","protected":false},"excerpt":{"rendered":"<p>Bura, Valley of Niger, Head from Funerary Jar, Terracotta<\/p>\n","protected":false},"author":1,"featured_media":227,"comment_status":"open","ping_status":"closed","template":"","meta":{"_et_pb_use_builder":"on","_et_pb_old_content":"<p>Bura,Vall\u00e9e du Niger<br \/>T\u00eate d'une jarre fun\u00e9raire<br \/>Terre cuite<br \/>19 cm - 7 1\/2 po.<br \/>Ancienne collection canadienne<\/p>","_et_gb_content_width":"","footnotes":""},"project_category":[16],"project_tag":[],"class_list":["post-440","project","type-project","status-publish","has-post-thumbnail","hentry","project_category-african-art"],"yoast_head":"<!-- This site is optimized with the Yoast SEO plugin v26.7 - https:\/\/yoast.com\/wordpress\/plugins\/seo\/ -->\n<title>Bura - Galerie Claude Maurer<\/title>\n<meta name=\"robots\" content=\"index, follow, max-snippet:-1, max-image-preview:large, max-video-preview:-1\" \/>\n<link rel=\"canonical\" href=\"https:\/\/galerieclaudemaurer.ca\/en\/project\/tete-bura\/\" \/>\n<meta property=\"og:locale\" content=\"en_US\" \/>\n<meta property=\"og:type\" content=\"article\" \/>\n<meta property=\"og:title\" content=\"Bura - Galerie Claude Maurer\" \/>\n<meta property=\"og:description\" content=\"Bura, Valley of Niger, Head from Funerary Jar, Terracotta\" \/>\n<meta property=\"og:url\" content=\"https:\/\/galerieclaudemaurer.ca\/en\/project\/tete-bura\/\" \/>\n<meta property=\"og:site_name\" content=\"Galerie Claude Maurer\" \/>\n<meta property=\"article:modified_time\" content=\"2019-11-07T02:10:12+00:00\" \/>\n<meta property=\"og:image\" content=\"https:\/\/galerieclaudemaurer.ca\/wp-content\/uploads\/2019\/05\/Bura-001-F-1.jpg\" \/>\n\t<meta property=\"og:image:width\" content=\"1600\" \/>\n\t<meta property=\"og:image:height\" content=\"1200\" \/>\n\t<meta property=\"og:image:type\" content=\"image\/jpeg\" \/>\n<meta name=\"twitter:card\" content=\"summary_large_image\" \/>\n<meta name=\"twitter:label1\" content=\"Est. reading time\" \/>\n\t<meta name=\"twitter:data1\" content=\"2 minutes\" \/>\n<script type=\"application\/ld+json\" class=\"yoast-schema-graph\">{\"@context\":\"https:\/\/schema.org\",\"@graph\":[{\"@type\":\"WebPage\",\"@id\":\"https:\/\/galerieclaudemaurer.ca\/en\/project\/tete-bura\/\",\"url\":\"https:\/\/galerieclaudemaurer.ca\/en\/project\/tete-bura\/\",\"name\":\"Bura - Galerie Claude Maurer\",\"isPartOf\":{\"@id\":\"https:\/\/galerieclaudemaurer.ca\/en\/#website\"},\"primaryImageOfPage\":{\"@id\":\"https:\/\/galerieclaudemaurer.ca\/en\/project\/tete-bura\/#primaryimage\"},\"image\":{\"@id\":\"https:\/\/galerieclaudemaurer.ca\/en\/project\/tete-bura\/#primaryimage\"},\"thumbnailUrl\":\"https:\/\/galerieclaudemaurer.ca\/wp-content\/uploads\/2019\/05\/Bura-001-F-1.jpg\",\"datePublished\":\"2019-05-02T03:44:41+00:00\",\"dateModified\":\"2019-11-07T02:10:12+00:00\",\"breadcrumb\":{\"@id\":\"https:\/\/galerieclaudemaurer.ca\/en\/project\/tete-bura\/#breadcrumb\"},\"inLanguage\":\"en-US\",\"potentialAction\":[{\"@type\":\"ReadAction\",\"target\":[\"https:\/\/galerieclaudemaurer.ca\/en\/project\/tete-bura\/\"]}]},{\"@type\":\"ImageObject\",\"inLanguage\":\"en-US\",\"@id\":\"https:\/\/galerieclaudemaurer.ca\/en\/project\/tete-bura\/#primaryimage\",\"url\":\"https:\/\/galerieclaudemaurer.ca\/wp-content\/uploads\/2019\/05\/Bura-001-F-1.jpg\",\"contentUrl\":\"https:\/\/galerieclaudemaurer.ca\/wp-content\/uploads\/2019\/05\/Bura-001-F-1.jpg\",\"width\":1600,\"height\":1200},{\"@type\":\"BreadcrumbList\",\"@id\":\"https:\/\/galerieclaudemaurer.ca\/en\/project\/tete-bura\/#breadcrumb\",\"itemListElement\":[{\"@type\":\"ListItem\",\"position\":1,\"name\":\"Accueil\",\"item\":\"https:\/\/galerieclaudemaurer.ca\/en\/\"},{\"@type\":\"ListItem\",\"position\":2,\"name\":\"Projects\",\"item\":\"https:\/\/galerieclaudemaurer.ca\/en\/project\/\"},{\"@type\":\"ListItem\",\"position\":3,\"name\":\"Bura\"}]},{\"@type\":\"WebSite\",\"@id\":\"https:\/\/galerieclaudemaurer.ca\/en\/#website\",\"url\":\"https:\/\/galerieclaudemaurer.ca\/en\/\",\"name\":\"Galerie Claude Maurer\",\"description\":\"Galerie d\u2019Art Africain Claude Maurer rue Sherbrooke Ouest \u00e0 Montr\u00e9al Qu\u00e9bec\",\"potentialAction\":[{\"@type\":\"SearchAction\",\"target\":{\"@type\":\"EntryPoint\",\"urlTemplate\":\"https:\/\/galerieclaudemaurer.ca\/en\/?s={search_term_string}\"},\"query-input\":{\"@type\":\"PropertyValueSpecification\",\"valueRequired\":true,\"valueName\":\"search_term_string\"}}],\"inLanguage\":\"en-US\"}]}<\/script>\n<!-- \/ Yoast SEO plugin. -->","yoast_head_json":{"title":"Bura - Galerie Claude Maurer","robots":{"index":"index","follow":"follow","max-snippet":"max-snippet:-1","max-image-preview":"max-image-preview:large","max-video-preview":"max-video-preview:-1"},"canonical":"https:\/\/galerieclaudemaurer.ca\/en\/project\/tete-bura\/","og_locale":"en_US","og_type":"article","og_title":"Bura - Galerie Claude Maurer","og_description":"Bura, Valley of Niger, Head from Funerary Jar, Terracotta","og_url":"https:\/\/galerieclaudemaurer.ca\/en\/project\/tete-bura\/","og_site_name":"Galerie Claude Maurer","article_modified_time":"2019-11-07T02:10:12+00:00","og_image":[{"width":1600,"height":1200,"url":"https:\/\/galerieclaudemaurer.ca\/wp-content\/uploads\/2019\/05\/Bura-001-F-1.jpg","type":"image\/jpeg"}],"twitter_card":"summary_large_image","twitter_misc":{"Est. reading time":"2 minutes"},"schema":{"@context":"https:\/\/schema.org","@graph":[{"@type":"WebPage","@id":"https:\/\/galerieclaudemaurer.ca\/en\/project\/tete-bura\/","url":"https:\/\/galerieclaudemaurer.ca\/en\/project\/tete-bura\/","name":"Bura - Galerie Claude Maurer","isPartOf":{"@id":"https:\/\/galerieclaudemaurer.ca\/en\/#website"},"primaryImageOfPage":{"@id":"https:\/\/galerieclaudemaurer.ca\/en\/project\/tete-bura\/#primaryimage"},"image":{"@id":"https:\/\/galerieclaudemaurer.ca\/en\/project\/tete-bura\/#primaryimage"},"thumbnailUrl":"https:\/\/galerieclaudemaurer.ca\/wp-content\/uploads\/2019\/05\/Bura-001-F-1.jpg","datePublished":"2019-05-02T03:44:41+00:00","dateModified":"2019-11-07T02:10:12+00:00","breadcrumb":{"@id":"https:\/\/galerieclaudemaurer.ca\/en\/project\/tete-bura\/#breadcrumb"},"inLanguage":"en-US","potentialAction":[{"@type":"ReadAction","target":["https:\/\/galerieclaudemaurer.ca\/en\/project\/tete-bura\/"]}]},{"@type":"ImageObject","inLanguage":"en-US","@id":"https:\/\/galerieclaudemaurer.ca\/en\/project\/tete-bura\/#primaryimage","url":"https:\/\/galerieclaudemaurer.ca\/wp-content\/uploads\/2019\/05\/Bura-001-F-1.jpg","contentUrl":"https:\/\/galerieclaudemaurer.ca\/wp-content\/uploads\/2019\/05\/Bura-001-F-1.jpg","width":1600,"height":1200},{"@type":"BreadcrumbList","@id":"https:\/\/galerieclaudemaurer.ca\/en\/project\/tete-bura\/#breadcrumb","itemListElement":[{"@type":"ListItem","position":1,"name":"Accueil","item":"https:\/\/galerieclaudemaurer.ca\/en\/"},{"@type":"ListItem","position":2,"name":"Projects","item":"https:\/\/galerieclaudemaurer.ca\/en\/project\/"},{"@type":"ListItem","position":3,"name":"Bura"}]},{"@type":"WebSite","@id":"https:\/\/galerieclaudemaurer.ca\/en\/#website","url":"https:\/\/galerieclaudemaurer.ca\/en\/","name":"Galerie Claude Maurer","description":"Galerie d\u2019Art Africain Claude Maurer rue Sherbrooke Ouest \u00e0 Montr\u00e9al Qu\u00e9bec","potentialAction":[{"@type":"SearchAction","target":{"@type":"EntryPoint","urlTemplate":"https:\/\/galerieclaudemaurer.ca\/en\/?s={search_term_string}"},"query-input":{"@type":"PropertyValueSpecification","valueRequired":true,"valueName":"search_term_string"}}],"inLanguage":"en-US"}]}},"_links":{"self":[{"href":"https:\/\/galerieclaudemaurer.ca\/en\/wp-json\/wp\/v2\/project\/440","targetHints":{"allow":["GET"]}}],"collection":[{"href":"https:\/\/galerieclaudemaurer.ca\/en\/wp-json\/wp\/v2\/project"}],"about":[{"href":"https:\/\/galerieclaudemaurer.ca\/en\/wp-json\/wp\/v2\/types\/project"}],"author":[{"embeddable":true,"href":"https:\/\/galerieclaudemaurer.ca\/en\/wp-json\/wp\/v2\/users\/1"}],"replies":[{"embeddable":true,"href":"https:\/\/galerieclaudemaurer.ca\/en\/wp-json\/wp\/v2\/comments?post=440"}],"version-history":[{"count":7,"href":"https:\/\/galerieclaudemaurer.ca\/en\/wp-json\/wp\/v2\/project\/440\/revisions"}],"predecessor-version":[{"id":712,"href":"https:\/\/galerieclaudemaurer.ca\/en\/wp-json\/wp\/v2\/project\/440\/revisions\/712"}],"wp:featuredmedia":[{"embeddable":true,"href":"https:\/\/galerieclaudemaurer.ca\/en\/wp-json\/wp\/v2\/media\/227"}],"wp:attachment":[{"href":"https:\/\/galerieclaudemaurer.ca\/en\/wp-json\/wp\/v2\/media?parent=440"}],"wp:term":[{"taxonomy":"project_category","embeddable":true,"href":"https:\/\/galerieclaudemaurer.ca\/en\/wp-json\/wp\/v2\/project_category?post=440"},{"taxonomy":"project_tag","embeddable":true,"href":"https:\/\/galerieclaudemaurer.ca\/en\/wp-json\/wp\/v2\/project_tag?post=440"}],"curies":[{"name":"wp","href":"https:\/\/api.w.org\/{rel}","templated":true}]}}

<p>Bura,Vallée du Niger<br />Tête d'une jarre funéraire<br />Terre cuite<br />19 cm - 7 1/2 po.<br />Ancienne collection canadienne</p>

<!-- This site is optimized with the Yoast SEO plugin v26.7 - https://yoast.com/wordpress/plugins/seo/ -->
<title>Bura - Galerie Claude Maurer</title>
<meta name="robots" content="index, follow, max-snippet:-1, max-image-preview:large, max-video-preview:-1" />
<link rel="canonical" href="https://galerieclaudemaurer.ca/en/project/tete-bura/" />
<meta property="og:locale" content="en_US" />
<meta property="og:type" content="article" />
<meta property="og:title" content="Bura - Galerie Claude Maurer" />
<meta property="og:description" content="Bura, Valley of Niger, Head from Funerary Jar, Terracotta" />
<meta property="og:url" content="https://galerieclaudemaurer.ca/en/project/tete-bura/" />
<meta property="og:site_name" content="Galerie Claude Maurer" />
<meta property="article:modified_time" content="2019-11-07T02:10:12+00:00" />
<meta property="og:image" content="https://galerieclaudemaurer.ca/wp-content/uploads/2019/05/Bura-001-F-1.jpg" />
	<meta property="og:image:width" content="1600" />
	<meta property="og:image:height" content="1200" />
	<meta property="og:image:type" content="image/jpeg" />
<meta name="twitter:card" content="summary_large_image" />
<meta name="twitter:label1" content="Est. reading time" />
	<meta name="twitter:data1" content="2 minutes" />
<script type="application/ld+json" class="yoast-schema-graph">{"@context":"https://schema.org","@graph":[{"@type":"WebPage","@id":"https://galerieclaudemaurer.ca/en/project/tete-bura/","url":"https://galerieclaudemaurer.ca/en/project/tete-bura/","name":"Bura - Galerie Claude Maurer","isPartOf":{"@id":"https://galerieclaudemaurer.ca/en/#website"},"primaryImageOfPage":{"@id":"https://galerieclaudemaurer.ca/en/project/tete-bura/#primaryimage"},"image":{"@id":"https://galerieclaudemaurer.ca/en/project/tete-bura/#primaryimage"},"thumbnailUrl":"https://galerieclaudemaurer.ca/wp-content/uploads/2019/05/Bura-001-F-1.jpg","datePublished":"2019-05-02T03:44:41+00:00","dateModified":"2019-11-07T02:10:12+00:00","breadcrumb":{"@id":"https://galerieclaudemaurer.ca/en/project/tete-bura/#breadcrumb"},"inLanguage":"en-US","potentialAction":[{"@type":"ReadAction","target":["https://galerieclaudemaurer.ca/en/project/tete-bura/"]}]},{"@type":"ImageObject","inLanguage":"en-US","@id":"https://galerieclaudemaurer.ca/en/project/tete-bura/#primaryimage","url":"https://galerieclaudemaurer.ca/wp-content/uploads/2019/05/Bura-001-F-1.jpg","contentUrl":"https://galerieclaudemaurer.ca/wp-content/uploads/2019/05/Bura-001-F-1.jpg","width":1600,"height":1200},{"@type":"BreadcrumbList","@id":"https://galerieclaudemaurer.ca/en/project/tete-bura/#breadcrumb","itemListElement":[{"@type":"ListItem","position":1,"name":"Accueil","item":"https://galerieclaudemaurer.ca/en/"},{"@type":"ListItem","position":2,"name":"Projects","item":"https://galerieclaudemaurer.ca/en/project/"},{"@type":"ListItem","position":3,"name":"Bura"}]},{"@type":"WebSite","@id":"https://galerieclaudemaurer.ca/en/#website","url":"https://galerieclaudemaurer.ca/en/","name":"Galerie Claude Maurer","description":"Galerie d’Art Africain Claude Maurer rue Sherbrooke Ouest à Montréal Québec","potentialAction":[{"@type":"SearchAction","target":{"@type":"EntryPoint","urlTemplate":"https://galerieclaudemaurer.ca/en/?s={search_term_string}"},"query-input":{"@type":"PropertyValueSpecification","valueRequired":true,"valueName":"search_term_string"}}],"inLanguage":"en-US"}]}</script>
<!-- / Yoast SEO plugin. -->

Galerie d’Art Africain Claude Maurer rue Sherbrooke Ouest à Montréal Québec
